{"id":944,"date":"2020-02-26T10:08:30","date_gmt":"2020-02-26T08:08:30","guid":{"rendered":"https:\/\/www.milanga.lt\/?page_id=944"},"modified":"2020-07-01T20:23:45","modified_gmt":"2020-07-01T17:23:45","slug":"langu-montavimas-i-siltinimo-sluoksni","status":"publish","type":"page","link":"https:\/\/mamutai.lt\/milagna\/paslaugos\/plastikiniai-langai\/langu-montavimas-i-siltinimo-sluoksni\/","title":{"rendered":"Lang\u0173 montavimas \u012f \u0161iltinimo sluoksn\u012f"},"content":{"rendered":"<p>[vc_row css_animation=&#8221;&#8221; row_type=&#8221;row&#8221; use_row_as_full_screen_section=&#8221;no&#8221; type=&#8221;full_width&#8221; angled_section=&#8221;no&#8221; text_align=&#8221;left&#8221; background_image_as_pattern=&#8221;without_pattern&#8221;][vc_column][vc_column_text]Pastate ties angokra\u0161\u010diais ir ties lango ir sienos sand\u016bra susidaro \u0161ilumos tilteliai \u2013 \u201e\u0161al\u010dio tiltai\u201c. \u0160io defekto galima i\u0161vengti langus montuojant \u012f pastato \u0161iltinam\u0105j\u012f sluoksn\u012f. Tuo pasiekiama, jog lango vidin\u0117s dalies ir angokra\u0161\u010di\u0173 temperat\u016bra tampa auk\u0161tesn\u0117 ir suma\u017einama angokra\u0161\u010di\u0173 per\u0161alimo rizika. Statybin\u0117s fizikos specialistai yra apskai\u010diav\u0119, kad \u0161ilumos nuostoliai per langus gali b\u016bti net penkis kartus ma\u017eesni, kai langai montuojami \u012f ap\u0161iltinam\u0105j\u012f sluoksn\u012f.<\/p>\n<p><img decoding=\"async\" loading=\"lazy\" class=\"alignnone size-medium wp-image-949\" src=\"https:\/\/www.milanga.lt\/wp-content\/uploads\/2020\/02\/warmotech-profiliai-300x144.png\" alt=\"\" width=\"300\" height=\"144\" srcset=\"https:\/\/mamutai.lt\/milagna\/wp-content\/uploads\/2020\/02\/warmotech-profiliai-300x144.png 300w, https:\/\/mamutai.lt\/milagna\/wp-content\/uploads\/2020\/02\/warmotech-profiliai-768x368.png 768w, https:\/\/mamutai.lt\/milagna\/wp-content\/uploads\/2020\/02\/warmotech-profiliai-1024x490.png 1024w, https:\/\/mamutai.lt\/milagna\/wp-content\/uploads\/2020\/02\/warmotech-profiliai-700x335.png 700w, https:\/\/mamutai.lt\/milagna\/wp-content\/uploads\/2020\/02\/warmotech-profiliai.png 1353w\" sizes=\"(max-width: 300px) 100vw, 300px\" \/>Warmotech lang\u0173 montavimo profiliai, skirti lango \u201ei\u0161ne\u0161imui\u201c \u012f \u0161iltinam\u0105j\u012f sluoksn\u012f, stipr\u016bs, nesideformuojantys, nebijantys dr\u0117gm\u0117s, gali atlaikyti itin dideles apkrovas. \u0160ie profiliai ypa\u010d tinka sunkiems, klijuotos medienos langams. Tai i\u0161skirtinai efektyvus sprendimas \u0161ilumos ir energijos taupymui.<\/p>\n<div class=\"vc_row wpb_row vc_row-fluid vc_row-o-content-top vc_row-flex\">\n<div class=\"wpb_column vc_column_container vc_col-sm-12 vc_col-md-12\">\n<div class=\"vc_column-inner vc_custom_1557076221244\">\n<div class=\"wpb_wrapper\">\n<div class=\"wpb_text_column wpb_content_element vc_custom_1557078082402\">\n<div class=\"wpb_wrapper\">\n<h4>Warmotech LXPS lang\u0173 montavimo profiliai<\/h4>\n<p>Pastate ties angokra\u0161\u010diais ir ties lango ir sienos sand\u016bra susidaro \u0161ilumos tilteliai \u2013 \u201e\u0161al\u010dio tiltai\u201c. \u0160io defekto galima i\u0161vengti langus montuojant \u012f pastato \u0161iltinam\u0105j\u012f sluoksn\u012f. Tuo pasiekiama, jog lango vidin\u0117s dalies ir angokra\u0161\u010di\u0173 temperat\u016bra tampa auk\u0161tesn\u0117 ir suma\u017einama angokra\u0161\u010di\u0173 per\u0161alimo rizika. Statybin\u0117s fizikos specialistai yra apskai\u010diav\u0119, kad \u0161ilumos nuostoliai per langus gali b\u016bti net penkis kartus ma\u017eesni, kai langai montuojami \u012f ap\u0161iltinam\u0105j\u012f sluoksn\u012f.<\/p>\n<p>Warmotech LXPS lang\u0173 montavimo profiliai, skirti lango \u201ei\u0161ne\u0161imui\u201c \u012f \u0161iltinam\u0105j\u012f sluoksn\u012f, stipr\u016bs, nesideformuojantys, nebijantys dr\u0117gm\u0117s, gali atlaikyti itin dideles apkrovas. \u0160ie profiliai ypa\u010d tinka sunkiems, klijuotos medienos langams.<\/p>\n<p>Klij\u0173 i\u0161eiga \u2013 apie 60 ml metrui, t.y. vienos 600 ml pakuot\u0117s u\u017etenka apie 10 metr\u0173 profili\u0173 sumontavimui.<\/p>\n<p>Var\u017et\u0173 i\u0161eiga \u2013 3 var\u017etai vienam 1460 mm ilgio profiliui. Var\u017et\u0173 ilgis parenkamas pagal sienos tip\u0105.<\/p>\n<p>Profilis gali atlaikyti dideles apkrovas: iki 250 kg vienam profilio metrui.<\/p>\n<\/div>\n<\/div>\n<\/div>\n<\/div>\n<\/div>\n<\/div>\n<div class=\"vc_row wpb_row vc_row-fluid\">\n<div class=\"wpb_column vc_column_container vc_col-sm-12\">\n<div class=\"vc_column-inner\">\n<div class=\"wpb_wrapper\">\n<div class=\"wpb_text_column wpb_content_element\">\n<div class=\"wpb_wrapper\">\n<p>Standartiniai Warmotech LXPS i\u0161ne\u0161im\u0173 dyd\u017eiai yra 70, 80 ir 100 mm.<\/p>\n<\/div>\n<\/div>\n<h1 class=\"product_title entry-title\">Cokoliniai lang\u0173 montavimo profiliai Warmotech<\/h1>\n<p class=\"price\"><img decoding=\"async\" loading=\"lazy\" class=\"alignnone size-medium wp-image-948\" src=\"https:\/\/www.milanga.lt\/wp-content\/uploads\/2020\/02\/warmotech-cokoliniai-profiliai-300x144.png\" alt=\"\" width=\"300\" height=\"144\" srcset=\"https:\/\/mamutai.lt\/milagna\/wp-content\/uploads\/2020\/02\/warmotech-cokoliniai-profiliai-300x144.png 300w, https:\/\/mamutai.lt\/milagna\/wp-content\/uploads\/2020\/02\/warmotech-cokoliniai-profiliai-768x368.png 768w, https:\/\/mamutai.lt\/milagna\/wp-content\/uploads\/2020\/02\/warmotech-cokoliniai-profiliai-1024x490.png 1024w, https:\/\/mamutai.lt\/milagna\/wp-content\/uploads\/2020\/02\/warmotech-cokoliniai-profiliai-700x335.png 700w, https:\/\/mamutai.lt\/milagna\/wp-content\/uploads\/2020\/02\/warmotech-cokoliniai-profiliai.png 1353w\" sizes=\"(max-width: 300px) 100vw, 300px\" \/>Vitrininius langus, duris bei kitus elementus, besiribojan\u010dius su pastato grind\u0173 plok\u0161tuma da\u017enai reikia pakelti nuo pamato. Tam naudojami cokoliniai profiliai. Plastikiniams langams profiliai frezuojami pagal nurodyt\u0105 lango profilio tip\u0105. Ma\u017eo auk\u0161\u010dio profiliai (30, 40 mm) gali b\u016bti naudojami kaip \u012fprasti popalanginiai profiliai.<\/p>\n<p>&nbsp;<\/p>\n<\/div>\n<\/div>\n<\/div>\n<\/div>\n<p>[\/vc_column_text][\/vc_column][\/vc_row]<\/p>\n","protected":false},"excerpt":{"rendered":"<p>[vc_row css_animation=&#8221;&#8221; row_type=&#8221;row&#8221; use_row_as_full_screen_section=&#8221;no&#8221; type=&#8221;full_width&#8221; angled_section=&#8221;no&#8221; text_align=&#8221;left&#8221; background_image_as_pattern=&#8221;without_pattern&#8221;][vc_column][vc_column_text]Pastate ties angokra\u0161\u010diais ir ties lango ir sienos sand\u016bra susidaro \u0161ilumos tilteliai \u2013 \u201e\u0161al\u010dio tiltai\u201c. \u0160io defekto galima i\u0161vengti langus montuojant \u012f pastato \u0161iltinam\u0105j\u012f sluoksn\u012f. Tuo pasiekiama, jog lango vidin\u0117s dalies ir angokra\u0161\u010di\u0173 temperat\u016bra tampa auk\u0161tesn\u0117 ir suma\u017einama&#8230;<\/p>\n","protected":false},"author":3,"featured_media":949,"parent":304,"menu_order":0,"comment_status":"closed","ping_status":"closed","template":"","meta":{"footnotes":""},"_links":{"self":[{"href":"https:\/\/mamutai.lt\/milagna\/wp-json\/wp\/v2\/pages\/944"}],"collection":[{"href":"https:\/\/mamutai.lt\/milagna\/wp-json\/wp\/v2\/pages"}],"about":[{"href":"https:\/\/mamutai.lt\/milagna\/wp-json\/wp\/v2\/types\/page"}],"author":[{"embeddable":true,"href":"https:\/\/mamutai.lt\/milagna\/wp-json\/wp\/v2\/users\/3"}],"replies":[{"embeddable":true,"href":"https:\/\/mamutai.lt\/milagna\/wp-json\/wp\/v2\/comments?post=944"}],"version-history":[{"count":3,"href":"https:\/\/mamutai.lt\/milagna\/wp-json\/wp\/v2\/pages\/944\/revisions"}],"predecessor-version":[{"id":982,"href":"https:\/\/mamutai.lt\/milagna\/wp-json\/wp\/v2\/pages\/944\/revisions\/982"}],"up":[{"embeddable":true,"href":"https:\/\/mamutai.lt\/milagna\/wp-json\/wp\/v2\/pages\/304"}],"wp:featuredmedia":[{"embeddable":true,"href":"https:\/\/mamutai.lt\/milagna\/wp-json\/wp\/v2\/media\/949"}],"wp:attachment":[{"href":"https:\/\/mamutai.lt\/milagna\/wp-json\/wp\/v2\/media?parent=944"}],"curies":[{"name":"wp","href":"https:\/\/api.w.org\/{rel}","templated":true}]}}