{"id":548,"date":"2018-03-21T12:17:50","date_gmt":"2018-03-21T12:17:50","guid":{"rendered":"https:\/\/www.milanga.lt\/?page_id=548"},"modified":"2020-07-02T09:08:01","modified_gmt":"2020-07-02T06:08:01","slug":"mdf-spalvos","status":"publish","type":"page","link":"https:\/\/mamutai.lt\/milagna\/paslaugos\/sarvuotos-durys\/mdf-spalvos\/","title":{"rendered":"MDF spalvos"},"content":{"rendered":"<p>[vc_row css_animation=&#8221;&#8221; row_type=&#8221;row&#8221; use_row_as_full_screen_section=&#8221;no&#8221; type=&#8221;full_width&#8221; angled_section=&#8221;no&#8221; text_align=&#8221;left&#8221; background_image_as_pattern=&#8221;without_pattern&#8221;][vc_column][vc_column_text]MDF yra gaminama i\u0161 med\u017eio pluo\u0161to ir ri\u0161an\u010di\u0173 med\u017eiag\u0173, veikiant jas auk\u0161ta temperat\u016bra ir auk\u0161tu sl\u0117giu. Priklausomai nuo plok\u0161t\u0117s storio MDF tankis yra nuo 650 kg\/kub.m iki 825 kg\/kub.m. \u0160ios plok\u0161t\u0117s pasi\u017eymi labai geru apdirbimu: nesud\u0117tinga pagaminti \u012fvairiausi\u0173 form\u0173 detali\u0173, i\u0161frezuoti skirtingas formas pavir\u0161iuje ir pan. D\u0117l \u0161i\u0173 savybi\u0173 MDF yra labai pla\u010diai naudojama dur\u0173 gamyboje. MDP pavir\u0161i\u0173 rekomenduojama naudoti buto \u012f\u0117jimo dur\u0173 gamyboje. D\u0117ka savo patrauklios kainos jis ypa\u010d populiarus. MDF spalvos pavir\u0161ius gali b\u016bti pasirenkamas i\u0161 pla\u010dios spalv\u0173 palet\u0117s. Da\u017eniausiai dur\u0173 gamybai naudojama 12 mm storio MDF plok\u0161t\u0117, o apvadams 18 mm storio. Jeigu durys u\u017esakomos kartu su vidaus apvadais, tuomet vidin\u0117s plok\u0161t\u0117s storis siekia 18 mm, o tai pagerina garso ir \u0161ilumos savybes.[\/vc_column_text][\/vc_column][\/vc_row][vc_row css_animation=&#8221;&#8221; row_type=&#8221;row&#8221; use_row_as_full_screen_section=&#8221;no&#8221; type=&#8221;full_width&#8221; angled_section=&#8221;no&#8221; text_align=&#8221;center&#8221; background_image_as_pattern=&#8221;without_pattern&#8221; z_index=&#8221;&#8221;][vc_column width=&#8221;1\/2&#8243;][vc_empty_space]<div class=\"qode-advanced-image-gallery  qode-aig-grid-type qode-tiny-space  qode-image-behavior-lightbox \">\r\n\t<div class=\"qode-aig-inner qode-outer-space qode-aig-grid qode-aig-four-columns\">\r\n\t\t\t\t\t<div class=\"qode-aig-image qode-item-space\">\r\n\t\t\t\t<div class=\"qode-aig-image-inner\">\r\n\t\t\t\t\t\t\t\t\t\t\t<a itemprop=\"image\" class=\"qode-aig-lightbox\" href=\"https:\/\/mamutai.lt\/milagna\/wp-content\/uploads\/2018\/03\/NR.7-MELIONAS.jpg\" data-rel=\"prettyPhoto[image_gallery_pretty_photo-933]\" title=\"NR.7-MELIONAS\">\r\n\t\t\t\t\t\t\t\t\t\t\t<img width=\"150\" height=\"150\" src=\"https:\/\/mamutai.lt\/milagna\/wp-content\/uploads\/2018\/03\/NR.7-MELIONAS-150x150.jpg\" class=\"attachment-thumbnail size-thumbnail\" alt=\"MELIONAS\" decoding=\"async\" loading=\"lazy\" \/>\t\t\t\t\t\t<span class=\"aig-gallery-hover\">\r\n\t\t\t\t\t\t\t\t\t\t\t\t\t\t\t<span class=\"icon-arrows-plus\"><\/span> \r\n\t\t\t\t\t\t\t\t\t\t\t\t\t<\/span>\r\n\t\t\t\t\t\t\t\t\t\t\t<\/a>\r\n\t\t\t\t\t\t\t\t\t<\/div>\r\n\t\t\t<\/div>\r\n\t\t\t\t\t<div class=\"qode-aig-image qode-item-space\">\r\n\t\t\t\t<div class=\"qode-aig-image-inner\">\r\n\t\t\t\t\t\t\t\t\t\t\t<a itemprop=\"image\" class=\"qode-aig-lightbox\" href=\"https:\/\/mamutai.lt\/milagna\/wp-content\/uploads\/2018\/03\/NR.9-SIDABRIN\u0116.jpg\" data-rel=\"prettyPhoto[image_gallery_pretty_photo-933]\" title=\"NR.9-SIDABRIN\u0116\">\r\n\t\t\t\t\t\t\t\t\t\t\t<img width=\"150\" height=\"150\" src=\"https:\/\/mamutai.lt\/milagna\/wp-content\/uploads\/2018\/03\/NR.9-SIDABRIN\u0116-150x150.jpg\" class=\"attachment-thumbnail size-thumbnail\" alt=\"SIDABRIN\u0116\" decoding=\"async\" loading=\"lazy\" \/>\t\t\t\t\t\t<span class=\"aig-gallery-hover\">\r\n\t\t\t\t\t\t\t\t\t\t\t\t\t\t\t<span class=\"icon-arrows-plus\"><\/span> \r\n\t\t\t\t\t\t\t\t\t\t\t\t\t<\/span>\r\n\t\t\t\t\t\t\t\t\t\t\t<\/a>\r\n\t\t\t\t\t\t\t\t\t<\/div>\r\n\t\t\t<\/div>\r\n\t\t\t\t\t<div class=\"qode-aig-image qode-item-space\">\r\n\t\t\t\t<div class=\"qode-aig-image-inner\">\r\n\t\t\t\t\t\t\t\t\t\t\t<a itemprop=\"image\" class=\"qode-aig-lightbox\" href=\"https:\/\/mamutai.lt\/milagna\/wp-content\/uploads\/2018\/03\/NR.11-BUKAS.jpg\" data-rel=\"prettyPhoto[image_gallery_pretty_photo-933]\" title=\"NR.11-BUKAS\">\r\n\t\t\t\t\t\t\t\t\t\t\t<img width=\"150\" height=\"150\" src=\"https:\/\/mamutai.lt\/milagna\/wp-content\/uploads\/2018\/03\/NR.11-BUKAS-150x150.jpg\" class=\"attachment-thumbnail size-thumbnail\" alt=\"BUKAS\" decoding=\"async\" loading=\"lazy\" \/>\t\t\t\t\t\t<span class=\"aig-gallery-hover\">\r\n\t\t\t\t\t\t\t\t\t\t\t\t\t\t\t<span class=\"icon-arrows-plus\"><\/span> \r\n\t\t\t\t\t\t\t\t\t\t\t\t\t<\/span>\r\n\t\t\t\t\t\t\t\t\t\t\t<\/a>\r\n\t\t\t\t\t\t\t\t\t<\/div>\r\n\t\t\t<\/div>\r\n\t\t\t\t\t<div class=\"qode-aig-image qode-item-space\">\r\n\t\t\t\t<div class=\"qode-aig-image-inner\">\r\n\t\t\t\t\t\t\t\t\t\t\t<a itemprop=\"image\" class=\"qode-aig-lightbox\" href=\"https:\/\/mamutai.lt\/milagna\/wp-content\/uploads\/2018\/03\/NR.12-BALTA-TEKST\u016aRA.jpg\" data-rel=\"prettyPhoto[image_gallery_pretty_photo-933]\" title=\"NR.12-BALTA-TEKST\u016aRA\">\r\n\t\t\t\t\t\t\t\t\t\t\t<img width=\"150\" height=\"150\" src=\"https:\/\/mamutai.lt\/milagna\/wp-content\/uploads\/2018\/03\/NR.12-BALTA-TEKST\u016aRA-150x150.jpg\" class=\"attachment-thumbnail size-thumbnail\" alt=\"BALTA-TEKST\u016aRA\" decoding=\"async\" loading=\"lazy\" \/>\t\t\t\t\t\t<span class=\"aig-gallery-hover\">\r\n\t\t\t\t\t\t\t\t\t\t\t\t\t\t\t<span class=\"icon-arrows-plus\"><\/span> \r\n\t\t\t\t\t\t\t\t\t\t\t\t\t<\/span>\r\n\t\t\t\t\t\t\t\t\t\t\t<\/a>\r\n\t\t\t\t\t\t\t\t\t<\/div>\r\n\t\t\t<\/div>\r\n\t\t\t\t\t<div class=\"qode-aig-image qode-item-space\">\r\n\t\t\t\t<div class=\"qode-aig-image-inner\">\r\n\t\t\t\t\t\t\t\t\t\t\t<a itemprop=\"image\" class=\"qode-aig-lightbox\" href=\"https:\/\/mamutai.lt\/milagna\/wp-content\/uploads\/2018\/03\/NR.13-RIE\u0160UTMEDIS.jpg\" data-rel=\"prettyPhoto[image_gallery_pretty_photo-933]\" title=\"NR.13-RIE\u0160UTMEDIS\">\r\n\t\t\t\t\t\t\t\t\t\t\t<img width=\"150\" height=\"150\" src=\"https:\/\/mamutai.lt\/milagna\/wp-content\/uploads\/2018\/03\/NR.13-RIE\u0160UTMEDIS-150x150.jpg\" class=\"attachment-thumbnail size-thumbnail\" alt=\"RIE\u0160UTMEDIS\" decoding=\"async\" loading=\"lazy\" \/>\t\t\t\t\t\t<span class=\"aig-gallery-hover\">\r\n\t\t\t\t\t\t\t\t\t\t\t\t\t\t\t<span class=\"icon-arrows-plus\"><\/span> \r\n\t\t\t\t\t\t\t\t\t\t\t\t\t<\/span>\r\n\t\t\t\t\t\t\t\t\t\t\t<\/a>\r\n\t\t\t\t\t\t\t\t\t<\/div>\r\n\t\t\t<\/div>\r\n\t\t\t\t\t<div class=\"qode-aig-image qode-item-space\">\r\n\t\t\t\t<div class=\"qode-aig-image-inner\">\r\n\t\t\t\t\t\t\t\t\t\t\t<a itemprop=\"image\" class=\"qode-aig-lightbox\" href=\"https:\/\/mamutai.lt\/milagna\/wp-content\/uploads\/2018\/03\/NR.18-AUKSINIS-\u0104\u017dUOLAS.jpg\" data-rel=\"prettyPhoto[image_gallery_pretty_photo-933]\" title=\"NR.18-AUKSINIS-\u0104\u017dUOLAS\">\r\n\t\t\t\t\t\t\t\t\t\t\t<img width=\"150\" height=\"150\" src=\"https:\/\/mamutai.lt\/milagna\/wp-content\/uploads\/2018\/03\/NR.18-AUKSINIS-\u0104\u017dUOLAS-150x150.jpg\" class=\"attachment-thumbnail size-thumbnail\" alt=\"AUKSINIS-\u0104\u017dUOLAS\" decoding=\"async\" loading=\"lazy\" \/>\t\t\t\t\t\t<span class=\"aig-gallery-hover\">\r\n\t\t\t\t\t\t\t\t\t\t\t\t\t\t\t<span class=\"icon-arrows-plus\"><\/span> \r\n\t\t\t\t\t\t\t\t\t\t\t\t\t<\/span>\r\n\t\t\t\t\t\t\t\t\t\t\t<\/a>\r\n\t\t\t\t\t\t\t\t\t<\/div>\r\n\t\t\t<\/div>\r\n\t\t\t\t\t<div class=\"qode-aig-image qode-item-space\">\r\n\t\t\t\t<div class=\"qode-aig-image-inner\">\r\n\t\t\t\t\t\t\t\t\t\t\t<a itemprop=\"image\" class=\"qode-aig-lightbox\" href=\"https:\/\/mamutai.lt\/milagna\/wp-content\/uploads\/2018\/03\/NR.19-LAKUOTA-VY\u0160NIA.jpg\" data-rel=\"prettyPhoto[image_gallery_pretty_photo-933]\" title=\"NR.19-LAKUOTA-VY\u0160NIA\">\r\n\t\t\t\t\t\t\t\t\t\t\t<img width=\"150\" height=\"150\" src=\"https:\/\/mamutai.lt\/milagna\/wp-content\/uploads\/2018\/03\/NR.19-LAKUOTA-VY\u0160NIA-150x150.jpg\" class=\"attachment-thumbnail size-thumbnail\" alt=\"LAKUOTA-VY\u0160NIA\" decoding=\"async\" loading=\"lazy\" \/>\t\t\t\t\t\t<span class=\"aig-gallery-hover\">\r\n\t\t\t\t\t\t\t\t\t\t\t\t\t\t\t<span class=\"icon-arrows-plus\"><\/span> \r\n\t\t\t\t\t\t\t\t\t\t\t\t\t<\/span>\r\n\t\t\t\t\t\t\t\t\t\t\t<\/a>\r\n\t\t\t\t\t\t\t\t\t<\/div>\r\n\t\t\t<\/div>\r\n\t\t\t\t\t<div class=\"qode-aig-image qode-item-space\">\r\n\t\t\t\t<div class=\"qode-aig-image-inner\">\r\n\t\t\t\t\t\t\t\t\t\t\t<a itemprop=\"image\" class=\"qode-aig-lightbox\" href=\"https:\/\/mamutai.lt\/milagna\/wp-content\/uploads\/2018\/03\/NR.20-SENDINTAS-KEDRAS.jpg\" data-rel=\"prettyPhoto[image_gallery_pretty_photo-933]\" title=\"NR.20-SENDINTAS-KEDRAS\">\r\n\t\t\t\t\t\t\t\t\t\t\t<img width=\"150\" height=\"150\" src=\"https:\/\/mamutai.lt\/milagna\/wp-content\/uploads\/2018\/03\/NR.20-SENDINTAS-KEDRAS-150x150.jpg\" class=\"attachment-thumbnail size-thumbnail\" alt=\"SENDINTAS-KEDRAS\" decoding=\"async\" loading=\"lazy\" \/>\t\t\t\t\t\t<span class=\"aig-gallery-hover\">\r\n\t\t\t\t\t\t\t\t\t\t\t\t\t\t\t<span class=\"icon-arrows-plus\"><\/span> \r\n\t\t\t\t\t\t\t\t\t\t\t\t\t<\/span>\r\n\t\t\t\t\t\t\t\t\t\t\t<\/a>\r\n\t\t\t\t\t\t\t\t\t<\/div>\r\n\t\t\t<\/div>\r\n\t\t\t\t\t<div class=\"qode-aig-image qode-item-space\">\r\n\t\t\t\t<div class=\"qode-aig-image-inner\">\r\n\t\t\t\t\t\t\t\t\t\t\t<a itemprop=\"image\" class=\"qode-aig-lightbox\" href=\"https:\/\/mamutai.lt\/milagna\/wp-content\/uploads\/2018\/03\/NR.23-BORDO.jpg\" data-rel=\"prettyPhoto[image_gallery_pretty_photo-933]\" title=\"NR.23-BORDO\">\r\n\t\t\t\t\t\t\t\t\t\t\t<img width=\"150\" height=\"150\" src=\"https:\/\/mamutai.lt\/milagna\/wp-content\/uploads\/2018\/03\/NR.23-BORDO-150x150.jpg\" class=\"attachment-thumbnail size-thumbnail\" alt=\"BORDO\" decoding=\"async\" loading=\"lazy\" \/>\t\t\t\t\t\t<span class=\"aig-gallery-hover\">\r\n\t\t\t\t\t\t\t\t\t\t\t\t\t\t\t<span class=\"icon-arrows-plus\"><\/span> \r\n\t\t\t\t\t\t\t\t\t\t\t\t\t<\/span>\r\n\t\t\t\t\t\t\t\t\t\t\t<\/a>\r\n\t\t\t\t\t\t\t\t\t<\/div>\r\n\t\t\t<\/div>\r\n\t\t\t\t\t<div class=\"qode-aig-image qode-item-space\">\r\n\t\t\t\t<div class=\"qode-aig-image-inner\">\r\n\t\t\t\t\t\t\t\t\t\t\t<a itemprop=\"image\" class=\"qode-aig-lightbox\" href=\"https:\/\/mamutai.lt\/milagna\/wp-content\/uploads\/2018\/03\/NR.25-KARELIJOS-RIE\u0160UTAS.jpg\" data-rel=\"prettyPhoto[image_gallery_pretty_photo-933]\" title=\"NR.25-KARELIJOS-RIE\u0160UTAS\">\r\n\t\t\t\t\t\t\t\t\t\t\t<img width=\"150\" height=\"150\" src=\"https:\/\/mamutai.lt\/milagna\/wp-content\/uploads\/2018\/03\/NR.25-KARELIJOS-RIE\u0160UTAS-150x150.jpg\" class=\"attachment-thumbnail size-thumbnail\" alt=\"KARELIJOS-RIE\u0160UTAS\" decoding=\"async\" loading=\"lazy\" \/>\t\t\t\t\t\t<span class=\"aig-gallery-hover\">\r\n\t\t\t\t\t\t\t\t\t\t\t\t\t\t\t<span class=\"icon-arrows-plus\"><\/span> \r\n\t\t\t\t\t\t\t\t\t\t\t\t\t<\/span>\r\n\t\t\t\t\t\t\t\t\t\t\t<\/a>\r\n\t\t\t\t\t\t\t\t\t<\/div>\r\n\t\t\t<\/div>\r\n\t\t\t\t\t<div class=\"qode-aig-image qode-item-space\">\r\n\t\t\t\t<div class=\"qode-aig-image-inner\">\r\n\t\t\t\t\t\t\t\t\t\t\t<a itemprop=\"image\" class=\"qode-aig-lightbox\" href=\"https:\/\/mamutai.lt\/milagna\/wp-content\/uploads\/2018\/03\/NR.26-\u0160VIESI-ALYVA.jpg\" data-rel=\"prettyPhoto[image_gallery_pretty_photo-933]\" title=\"NR.26-\u0160VIESI-ALYVA\">\r\n\t\t\t\t\t\t\t\t\t\t\t<img width=\"150\" height=\"150\" src=\"https:\/\/mamutai.lt\/milagna\/wp-content\/uploads\/2018\/03\/NR.26-\u0160VIESI-ALYVA-150x150.jpg\" class=\"attachment-thumbnail size-thumbnail\" alt=\"\u0160VIESI-ALYVA\" decoding=\"async\" loading=\"lazy\" \/>\t\t\t\t\t\t<span class=\"aig-gallery-hover\">\r\n\t\t\t\t\t\t\t\t\t\t\t\t\t\t\t<span class=\"icon-arrows-plus\"><\/span> \r\n\t\t\t\t\t\t\t\t\t\t\t\t\t<\/span>\r\n\t\t\t\t\t\t\t\t\t\t\t<\/a>\r\n\t\t\t\t\t\t\t\t\t<\/div>\r\n\t\t\t<\/div>\r\n\t\t\t\t\t<div class=\"qode-aig-image qode-item-space\">\r\n\t\t\t\t<div class=\"qode-aig-image-inner\">\r\n\t\t\t\t\t\t\t\t\t\t\t<a itemprop=\"image\" class=\"qode-aig-lightbox\" href=\"https:\/\/mamutai.lt\/milagna\/wp-content\/uploads\/2018\/03\/NR.27-\u0160VIESI-VENG\u0116.jpg\" data-rel=\"prettyPhoto[image_gallery_pretty_photo-933]\" title=\"NR.27-\u0160VIESI-VENG\u0116\">\r\n\t\t\t\t\t\t\t\t\t\t\t<img width=\"150\" height=\"150\" src=\"https:\/\/mamutai.lt\/milagna\/wp-content\/uploads\/2018\/03\/NR.27-\u0160VIESI-VENG\u0116-150x150.jpg\" class=\"attachment-thumbnail size-thumbnail\" alt=\"\u0160VIESI-VENG\u0116\" decoding=\"async\" loading=\"lazy\" \/>\t\t\t\t\t\t<span class=\"aig-gallery-hover\">\r\n\t\t\t\t\t\t\t\t\t\t\t\t\t\t\t<span class=\"icon-arrows-plus\"><\/span> \r\n\t\t\t\t\t\t\t\t\t\t\t\t\t<\/span>\r\n\t\t\t\t\t\t\t\t\t\t\t<\/a>\r\n\t\t\t\t\t\t\t\t\t<\/div>\r\n\t\t\t<\/div>\r\n\t\t\t\t\t<div class=\"qode-aig-image qode-item-space\">\r\n\t\t\t\t<div class=\"qode-aig-image-inner\">\r\n\t\t\t\t\t\t\t\t\t\t\t<a itemprop=\"image\" class=\"qode-aig-lightbox\" href=\"https:\/\/mamutai.lt\/milagna\/wp-content\/uploads\/2018\/03\/NR.28-KAKAVIN\u0116-VENG\u0116.jpg\" data-rel=\"prettyPhoto[image_gallery_pretty_photo-933]\" title=\"NR.28-KAKAVIN\u0116-VENG\u0116\">\r\n\t\t\t\t\t\t\t\t\t\t\t<img width=\"150\" height=\"150\" src=\"https:\/\/mamutai.lt\/milagna\/wp-content\/uploads\/2018\/03\/NR.28-KAKAVIN\u0116-VENG\u0116-150x150.jpg\" class=\"attachment-thumbnail size-thumbnail\" alt=\"KAKAVIN\u0116-VENG\u0116\" decoding=\"async\" loading=\"lazy\" \/>\t\t\t\t\t\t<span class=\"aig-gallery-hover\">\r\n\t\t\t\t\t\t\t\t\t\t\t\t\t\t\t<span class=\"icon-arrows-plus\"><\/span> \r\n\t\t\t\t\t\t\t\t\t\t\t\t\t<\/span>\r\n\t\t\t\t\t\t\t\t\t\t\t<\/a>\r\n\t\t\t\t\t\t\t\t\t<\/div>\r\n\t\t\t<\/div>\r\n\t\t\t\t\t<div class=\"qode-aig-image qode-item-space\">\r\n\t\t\t\t<div class=\"qode-aig-image-inner\">\r\n\t\t\t\t\t\t\t\t\t\t\t<a itemprop=\"image\" class=\"qode-aig-lightbox\" href=\"https:\/\/mamutai.lt\/milagna\/wp-content\/uploads\/2018\/03\/NR.29-OBELIS.jpg\" data-rel=\"prettyPhoto[image_gallery_pretty_photo-933]\" title=\"NR.29-OBELIS\">\r\n\t\t\t\t\t\t\t\t\t\t\t<img width=\"150\" height=\"150\" src=\"https:\/\/mamutai.lt\/milagna\/wp-content\/uploads\/2018\/03\/NR.29-OBELIS-150x150.jpg\" class=\"attachment-thumbnail size-thumbnail\" alt=\"OBELIS\" decoding=\"async\" loading=\"lazy\" \/>\t\t\t\t\t\t<span class=\"aig-gallery-hover\">\r\n\t\t\t\t\t\t\t\t\t\t\t\t\t\t\t<span class=\"icon-arrows-plus\"><\/span> \r\n\t\t\t\t\t\t\t\t\t\t\t\t\t<\/span>\r\n\t\t\t\t\t\t\t\t\t\t\t<\/a>\r\n\t\t\t\t\t\t\t\t\t<\/div>\r\n\t\t\t<\/div>\r\n\t\t\t\t\t<div class=\"qode-aig-image qode-item-space\">\r\n\t\t\t\t<div class=\"qode-aig-image-inner\">\r\n\t\t\t\t\t\t\t\t\t\t\t<a itemprop=\"image\" class=\"qode-aig-lightbox\" href=\"https:\/\/mamutai.lt\/milagna\/wp-content\/uploads\/2018\/03\/NR.30-VENGRI\u0160KA-SLYVA.jpg\" data-rel=\"prettyPhoto[image_gallery_pretty_photo-933]\" title=\"NR.30-VENGRI\u0160KA-SLYVA\">\r\n\t\t\t\t\t\t\t\t\t\t\t<img width=\"150\" height=\"150\" src=\"https:\/\/mamutai.lt\/milagna\/wp-content\/uploads\/2018\/03\/NR.30-VENGRI\u0160KA-SLYVA-150x150.jpg\" class=\"attachment-thumbnail size-thumbnail\" alt=\"VENGRI\u0160KA-SLYVA\" decoding=\"async\" loading=\"lazy\" \/>\t\t\t\t\t\t<span class=\"aig-gallery-hover\">\r\n\t\t\t\t\t\t\t\t\t\t\t\t\t\t\t<span class=\"icon-arrows-plus\"><\/span> \r\n\t\t\t\t\t\t\t\t\t\t\t\t\t<\/span>\r\n\t\t\t\t\t\t\t\t\t\t\t<\/a>\r\n\t\t\t\t\t\t\t\t\t<\/div>\r\n\t\t\t<\/div>\r\n\t\t\t\t\t<div class=\"qode-aig-image qode-item-space\">\r\n\t\t\t\t<div class=\"qode-aig-image-inner\">\r\n\t\t\t\t\t\t\t\t\t\t\t<a itemprop=\"image\" class=\"qode-aig-lightbox\" href=\"https:\/\/mamutai.lt\/milagna\/wp-content\/uploads\/2018\/03\/NR.-31.jpg\" data-rel=\"prettyPhoto[image_gallery_pretty_photo-933]\" title=\"NR.-31\">\r\n\t\t\t\t\t\t\t\t\t\t\t<img width=\"150\" height=\"150\" src=\"https:\/\/mamutai.lt\/milagna\/wp-content\/uploads\/2018\/03\/NR.-31-150x150.jpg\" class=\"attachment-thumbnail size-thumbnail\" alt=\"NR.-31\" decoding=\"async\" loading=\"lazy\" \/>\t\t\t\t\t\t<span class=\"aig-gallery-hover\">\r\n\t\t\t\t\t\t\t\t\t\t\t\t\t\t\t<span class=\"icon-arrows-plus\"><\/span> \r\n\t\t\t\t\t\t\t\t\t\t\t\t\t<\/span>\r\n\t\t\t\t\t\t\t\t\t\t\t<\/a>\r\n\t\t\t\t\t\t\t\t\t<\/div>\r\n\t\t\t<\/div>\r\n\t\t\t\t\t<div class=\"qode-aig-image qode-item-space\">\r\n\t\t\t\t<div class=\"qode-aig-image-inner\">\r\n\t\t\t\t\t\t\t\t\t\t\t<a itemprop=\"image\" class=\"qode-aig-lightbox\" href=\"https:\/\/mamutai.lt\/milagna\/wp-content\/uploads\/2018\/03\/NR.32-KLEVAS.jpg\" data-rel=\"prettyPhoto[image_gallery_pretty_photo-933]\" title=\"NR.32-KLEVAS\">\r\n\t\t\t\t\t\t\t\t\t\t\t<img width=\"150\" height=\"150\" src=\"https:\/\/mamutai.lt\/milagna\/wp-content\/uploads\/2018\/03\/NR.32-KLEVAS-150x150.jpg\" class=\"attachment-thumbnail size-thumbnail\" alt=\"KLEVAS\" decoding=\"async\" loading=\"lazy\" \/>\t\t\t\t\t\t<span class=\"aig-gallery-hover\">\r\n\t\t\t\t\t\t\t\t\t\t\t\t\t\t\t<span class=\"icon-arrows-plus\"><\/span> \r\n\t\t\t\t\t\t\t\t\t\t\t\t\t<\/span>\r\n\t\t\t\t\t\t\t\t\t\t\t<\/a>\r\n\t\t\t\t\t\t\t\t\t<\/div>\r\n\t\t\t<\/div>\r\n\t\t\t\t\t<div class=\"qode-aig-image qode-item-space\">\r\n\t\t\t\t<div class=\"qode-aig-image-inner\">\r\n\t\t\t\t\t\t\t\t\t\t\t<a itemprop=\"image\" class=\"qode-aig-lightbox\" href=\"https:\/\/mamutai.lt\/milagna\/wp-content\/uploads\/2018\/03\/NR.33-PRANC\u016aZI\u0160KAS-\u0104\u017dUOLAS.jpg\" data-rel=\"prettyPhoto[image_gallery_pretty_photo-933]\" title=\"NR.33-PRANC\u016aZI\u0160KAS-\u0104\u017dUOLAS\">\r\n\t\t\t\t\t\t\t\t\t\t\t<img width=\"150\" height=\"150\" src=\"https:\/\/mamutai.lt\/milagna\/wp-content\/uploads\/2018\/03\/NR.33-PRANC\u016aZI\u0160KAS-\u0104\u017dUOLAS-150x150.jpg\" class=\"attachment-thumbnail size-thumbnail\" alt=\"PRANC\u016aZI\u0160KAS-\u0104\u017dUOLAS\" decoding=\"async\" loading=\"lazy\" \/>\t\t\t\t\t\t<span class=\"aig-gallery-hover\">\r\n\t\t\t\t\t\t\t\t\t\t\t\t\t\t\t<span class=\"icon-arrows-plus\"><\/span> \r\n\t\t\t\t\t\t\t\t\t\t\t\t\t<\/span>\r\n\t\t\t\t\t\t\t\t\t\t\t<\/a>\r\n\t\t\t\t\t\t\t\t\t<\/div>\r\n\t\t\t<\/div>\r\n\t\t\t\t\t<div class=\"qode-aig-image qode-item-space\">\r\n\t\t\t\t<div class=\"qode-aig-image-inner\">\r\n\t\t\t\t\t\t\t\t\t\t\t<a itemprop=\"image\" class=\"qode-aig-lightbox\" href=\"https:\/\/mamutai.lt\/milagna\/wp-content\/uploads\/2018\/03\/NR.34-INDI\u0160KA-OBELIS.jpg\" data-rel=\"prettyPhoto[image_gallery_pretty_photo-933]\" title=\"NR.34-INDI\u0160KA-OBELIS\">\r\n\t\t\t\t\t\t\t\t\t\t\t<img width=\"150\" height=\"150\" src=\"https:\/\/mamutai.lt\/milagna\/wp-content\/uploads\/2018\/03\/NR.34-INDI\u0160KA-OBELIS-150x150.jpg\" class=\"attachment-thumbnail size-thumbnail\" alt=\"INDI\u0160KA-OBELIS\" decoding=\"async\" loading=\"lazy\" \/>\t\t\t\t\t\t<span class=\"aig-gallery-hover\">\r\n\t\t\t\t\t\t\t\t\t\t\t\t\t\t\t<span class=\"icon-arrows-plus\"><\/span> \r\n\t\t\t\t\t\t\t\t\t\t\t\t\t<\/span>\r\n\t\t\t\t\t\t\t\t\t\t\t<\/a>\r\n\t\t\t\t\t\t\t\t\t<\/div>\r\n\t\t\t<\/div>\r\n\t\t\t\t\t<div class=\"qode-aig-image qode-item-space\">\r\n\t\t\t\t<div class=\"qode-aig-image-inner\">\r\n\t\t\t\t\t\t\t\t\t\t\t<a itemprop=\"image\" class=\"qode-aig-lightbox\" href=\"https:\/\/mamutai.lt\/milagna\/wp-content\/uploads\/2018\/03\/NR.35-\u0160AKOTAS-\u0104\u017dUOLAS.jpg\" data-rel=\"prettyPhoto[image_gallery_pretty_photo-933]\" title=\"NR.35-\u0160AKOTAS-\u0104\u017dUOLAS\">\r\n\t\t\t\t\t\t\t\t\t\t\t<img width=\"150\" height=\"150\" src=\"https:\/\/mamutai.lt\/milagna\/wp-content\/uploads\/2018\/03\/NR.35-\u0160AKOTAS-\u0104\u017dUOLAS-150x150.jpg\" class=\"attachment-thumbnail size-thumbnail\" alt=\"\u0160AKOTAS-\u0104\u017dUOLAS\" decoding=\"async\" loading=\"lazy\" \/>\t\t\t\t\t\t<span class=\"aig-gallery-hover\">\r\n\t\t\t\t\t\t\t\t\t\t\t\t\t\t\t<span class=\"icon-arrows-plus\"><\/span> \r\n\t\t\t\t\t\t\t\t\t\t\t\t\t<\/span>\r\n\t\t\t\t\t\t\t\t\t\t\t<\/a>\r\n\t\t\t\t\t\t\t\t\t<\/div>\r\n\t\t\t<\/div>\r\n\t\t\t\t\t<div class=\"qode-aig-image qode-item-space\">\r\n\t\t\t\t<div class=\"qode-aig-image-inner\">\r\n\t\t\t\t\t\t\t\t\t\t\t<a itemprop=\"image\" class=\"qode-aig-lightbox\" href=\"https:\/\/mamutai.lt\/milagna\/wp-content\/uploads\/2018\/03\/NR1-\u0160VIESUS-\u0104\u017dUOLAS.jpg\" data-rel=\"prettyPhoto[image_gallery_pretty_photo-933]\" title=\"NR1-\u0160VIESUS-\u0104\u017dUOLAS\">\r\n\t\t\t\t\t\t\t\t\t\t\t<img width=\"150\" height=\"150\" src=\"https:\/\/mamutai.lt\/milagna\/wp-content\/uploads\/2018\/03\/NR1-\u0160VIESUS-\u0104\u017dUOLAS-150x150.jpg\" class=\"attachment-thumbnail size-thumbnail\" alt=\"\u0160VIESUS-\u0104\u017dUOLAS\" decoding=\"async\" loading=\"lazy\" \/>\t\t\t\t\t\t<span class=\"aig-gallery-hover\">\r\n\t\t\t\t\t\t\t\t\t\t\t\t\t\t\t<span class=\"icon-arrows-plus\"><\/span> \r\n\t\t\t\t\t\t\t\t\t\t\t\t\t<\/span>\r\n\t\t\t\t\t\t\t\t\t\t\t<\/a>\r\n\t\t\t\t\t\t\t\t\t<\/div>\r\n\t\t\t<\/div>\r\n\t\t\t\t\t<div class=\"qode-aig-image qode-item-space\">\r\n\t\t\t\t<div class=\"qode-aig-image-inner\">\r\n\t\t\t\t\t\t\t\t\t\t\t<a itemprop=\"image\" class=\"qode-aig-lightbox\" href=\"https:\/\/mamutai.lt\/milagna\/wp-content\/uploads\/2018\/03\/NR3-RAUDONMEDIS.jpg\" data-rel=\"prettyPhoto[image_gallery_pretty_photo-933]\" title=\"NR3-RAUDONMEDIS\">\r\n\t\t\t\t\t\t\t\t\t\t\t<img width=\"150\" height=\"150\" src=\"https:\/\/mamutai.lt\/milagna\/wp-content\/uploads\/2018\/03\/NR3-RAUDONMEDIS-150x150.jpg\" class=\"attachment-thumbnail size-thumbnail\" alt=\"RAUDONMEDIS\" decoding=\"async\" loading=\"lazy\" \/>\t\t\t\t\t\t<span class=\"aig-gallery-hover\">\r\n\t\t\t\t\t\t\t\t\t\t\t\t\t\t\t<span class=\"icon-arrows-plus\"><\/span> \r\n\t\t\t\t\t\t\t\t\t\t\t\t\t<\/span>\r\n\t\t\t\t\t\t\t\t\t\t\t<\/a>\r\n\t\t\t\t\t\t\t\t\t<\/div>\r\n\t\t\t<\/div>\r\n\t\t\t\t\t<div class=\"qode-aig-image qode-item-space\">\r\n\t\t\t\t<div class=\"qode-aig-image-inner\">\r\n\t\t\t\t\t\t\t\t\t\t\t<a itemprop=\"image\" class=\"qode-aig-lightbox\" href=\"https:\/\/mamutai.lt\/milagna\/wp-content\/uploads\/2018\/03\/NR5-RUDAS-ALKSNIS.jpg\" data-rel=\"prettyPhoto[image_gallery_pretty_photo-933]\" title=\"NR5-RUDAS-ALKSNIS\">\r\n\t\t\t\t\t\t\t\t\t\t\t<img width=\"150\" height=\"150\" src=\"https:\/\/mamutai.lt\/milagna\/wp-content\/uploads\/2018\/03\/NR5-RUDAS-ALKSNIS-150x150.jpg\" class=\"attachment-thumbnail size-thumbnail\" alt=\"RUDAS-ALKSNIS\" decoding=\"async\" loading=\"lazy\" \/>\t\t\t\t\t\t<span class=\"aig-gallery-hover\">\r\n\t\t\t\t\t\t\t\t\t\t\t\t\t\t\t<span class=\"icon-arrows-plus\"><\/span> \r\n\t\t\t\t\t\t\t\t\t\t\t\t\t<\/span>\r\n\t\t\t\t\t\t\t\t\t\t\t<\/a>\r\n\t\t\t\t\t\t\t\t\t<\/div>\r\n\t\t\t<\/div>\r\n\t\t\t\t\t<div class=\"qode-aig-image qode-item-space\">\r\n\t\t\t\t<div class=\"qode-aig-image-inner\">\r\n\t\t\t\t\t\t\t\t\t\t\t<a itemprop=\"image\" class=\"qode-aig-lightbox\" href=\"https:\/\/mamutai.lt\/milagna\/wp-content\/uploads\/2018\/03\/NR6-VY\u0160NIA.jpg\" data-rel=\"prettyPhoto[image_gallery_pretty_photo-933]\" title=\"NR6-VY\u0160NIA\">\r\n\t\t\t\t\t\t\t\t\t\t\t<img width=\"150\" height=\"150\" src=\"https:\/\/mamutai.lt\/milagna\/wp-content\/uploads\/2018\/03\/NR6-VY\u0160NIA-150x150.jpg\" class=\"attachment-thumbnail size-thumbnail\" alt=\"VY\u0160NIA\" decoding=\"async\" loading=\"lazy\" \/>\t\t\t\t\t\t<span class=\"aig-gallery-hover\">\r\n\t\t\t\t\t\t\t\t\t\t\t\t\t\t\t<span class=\"icon-arrows-plus\"><\/span> \r\n\t\t\t\t\t\t\t\t\t\t\t\t\t<\/span>\r\n\t\t\t\t\t\t\t\t\t\t\t<\/a>\r\n\t\t\t\t\t\t\t\t\t<\/div>\r\n\t\t\t<\/div>\r\n\t\t\t<\/div>\r\n<\/div>[vc_empty_space][\/vc_column][\/vc_row]<\/p>\n","protected":false},"excerpt":{"rendered":"<p>[vc_row css_animation=&#8221;&#8221; row_type=&#8221;row&#8221; use_row_as_full_screen_section=&#8221;no&#8221; type=&#8221;full_width&#8221; angled_section=&#8221;no&#8221; text_align=&#8221;left&#8221; background_image_as_pattern=&#8221;without_pattern&#8221;][vc_column][vc_column_text]MDF yra gaminama i\u0161 med\u017eio pluo\u0161to ir ri\u0161an\u010di\u0173 med\u017eiag\u0173, veikiant jas auk\u0161ta temperat\u016bra ir auk\u0161tu sl\u0117giu. Priklausomai nuo plok\u0161t\u0117s storio MDF tankis yra nuo 650 kg\/kub.m iki 825 kg\/kub.m. \u0160ios plok\u0161t\u0117s pasi\u017eymi labai geru apdirbimu: nesud\u0117tinga pagaminti \u012fvairiausi\u0173&#8230;<\/p>\n","protected":false},"author":1,"featured_media":0,"parent":481,"menu_order":0,"comment_status":"closed","ping_status":"closed","template":"","meta":{"footnotes":""},"_links":{"self":[{"href":"https:\/\/mamutai.lt\/milagna\/wp-json\/wp\/v2\/pages\/548"}],"collection":[{"href":"https:\/\/mamutai.lt\/milagna\/wp-json\/wp\/v2\/pages"}],"about":[{"href":"https:\/\/mamutai.lt\/milagna\/wp-json\/wp\/v2\/types\/page"}],"author":[{"embeddable":true,"href":"https:\/\/mamutai.lt\/milagna\/wp-json\/wp\/v2\/users\/1"}],"replies":[{"embeddable":true,"href":"https:\/\/mamutai.lt\/milagna\/wp-json\/wp\/v2\/comments?post=548"}],"version-history":[{"count":6,"href":"https:\/\/mamutai.lt\/milagna\/wp-json\/wp\/v2\/pages\/548\/revisions"}],"predecessor-version":[{"id":997,"href":"https:\/\/mamutai.lt\/milagna\/wp-json\/wp\/v2\/pages\/548\/revisions\/997"}],"up":[{"embeddable":true,"href":"https:\/\/mamutai.lt\/milagna\/wp-json\/wp\/v2\/pages\/481"}],"wp:attachment":[{"href":"https:\/\/mamutai.lt\/milagna\/wp-json\/wp\/v2\/media?parent=548"}],"curies":[{"name":"wp","href":"https:\/\/api.w.org\/{rel}","templated":true}]}}