{"id":439,"date":"2018-03-20T15:35:05","date_gmt":"2018-03-20T15:35:05","guid":{"rendered":"https:\/\/www.milanga.lt\/?page_id=439"},"modified":"2023-08-03T10:08:20","modified_gmt":"2023-08-03T07:08:20","slug":"balkonu-stiklinimas","status":"publish","type":"page","link":"https:\/\/mamutai.lt\/milagna\/paslaugos\/balkonu-stiklinimas\/","title":{"rendered":"Balkon\u0173 stiklinimas"},"content":{"rendered":"<p>[vc_row css_animation=&#8221;&#8221; row_type=&#8221;row&#8221; use_row_as_full_screen_section=&#8221;no&#8221; type=&#8221;grid&#8221; angled_section=&#8221;no&#8221; text_align=&#8221;left&#8221; background_image_as_pattern=&#8221;without_pattern&#8221; css=&#8221;.vc_custom_1521217673251{margin-top: 50px !important;background-color: #ffffff !important;}&#8221; z_index=&#8221;&#8221;][vc_column width=&#8221;1\/4&#8243;][vc_single_image image=&#8221;707&#8243; img_size=&#8221;full&#8221; qode_css_animation=&#8221;&#8221;][\/vc_column][vc_column width=&#8221;3\/4&#8243;][vc_column_text]<\/p>\n<div class=\"vc_row wpb_row wf-container\">\n<div class=\"wpb_column vc_column_container vc_col-sm-12\">\n<div class=\"vc_column-inner \">\n<div class=\"wpb_wrapper\">\n<div class=\"wpb_text_column wpb_content_element \">\n<div class=\"wpb_wrapper\">\n<div class=\"wpb_text_column wpb_content_element \">\n<div class=\"wpb_wrapper\">\n<p>Renovacija ir brangstantys \u0161ilumos ka\u0161tai vis da\u017eniau <strong>priver\u010dia susim\u0105styti apie papildomus energijos taupymo b\u016bdus<\/strong>.<\/p>\n<p>Vienas i\u0161 efektyviausi\u0173 \u0161ilumos taupymo b\u016bd\u0173 yra plastikiniai langai, kurie padeda \u017eiem\u0105 sutaupyti \u017eenklias sumas. Ta\u010diau tuo apsiriboti neverta. Pasiekti maksimal\u0173 teigiam\u0105 rezultat\u0105 padeda <strong>kokybi\u0161kas balkon\u0173 stiklinimas<\/strong>. Juk patikimas balkon\u0173 stiklinimas ne tik u\u017etikrina nepriekai\u0161ting\u0105 \u0161ilumos izoliacij\u0105, bet ir izoliuoja triuk\u0161m\u0105, sklindant\u012f i\u0161 gatv\u0117s, apsaugo nuo dulki\u0173, lietaus ar kit\u0173 ne\u0161varum\u0173 patekimo \u012f nam\u0173 erdv\u0119. Taip pat sukuria estetikos \u012fsp\u016bd\u012f, o atsiradusi papildoma erdv\u0117 gali b\u016bti naudojama pagal kiekvieno poreikius.<\/p>\n<\/div>\n<\/div>\n<div class=\"vc_empty_space\"><\/div>\n<div class=\"wpb_text_column wpb_content_element \">\n<div class=\"wpb_wrapper\">\n<p>Balkon\u0173 stiklinimas pasi\u017eymi \u012fvairiomis montavimo galimyb\u0117mis. \u0160iuo metu Lietuvoje populiariausios dvi sistemos, t.y. <strong>aliumin\u0117 stumdoma<\/strong> ir <strong>plastikin\u0117<\/strong>. Jei domina balkon\u0173 stiklinimas Vilniuje kreipkis \u012f mus dabar.<\/p>\n<\/div>\n<\/div>\n<\/div>\n<\/div>\n<\/div>\n<\/div>\n<\/div>\n<\/div>\n<p>[\/vc_column_text][vc_empty_space height=&#8221;62px&#8221;][\/vc_column][\/vc_row][vc_row css_animation=&#8221;&#8221; row_type=&#8221;row&#8221; use_row_as_full_screen_section=&#8221;no&#8221; type=&#8221;grid&#8221; angled_section=&#8221;no&#8221; text_align=&#8221;left&#8221; background_image_as_pattern=&#8221;without_pattern&#8221; z_index=&#8221;&#8221;][vc_column width=&#8221;1\/2&#8243;][vc_column_text]<\/p>\n<div class=\"wpb_text_column wpb_content_element \">\n<div class=\"wpb_wrapper\">\n<h3 class=\"vc_empty_space\">\u00a0Plastikin\u0117 sistema<\/h3>\n<div class=\"wpb_text_column wpb_content_element \">\n<div class=\"wpb_wrapper\">\n<p>Pati saugiausia, \u0161il\u010diausia ir geriausiai gars\u0105 izoliuojanti sistema. Tai prakti\u0161kas ir patikimas pasirinkimas. \u012e plastikinius balkon\u0173 langus montuojame \u201eSiegenia\u201d apkaustus. \u201eSiegenia\u201d apkaust\u0173 technologin\u0117s ir technin\u0117s savyb\u0117s garantuoja lango konstrukcijos stabilum\u0105.<\/p>\n<\/div>\n<\/div>\n<\/div>\n<\/div>\n<p>[\/vc_column_text][\/vc_column][vc_column width=&#8221;1\/2&#8243;][vc_column_text]<\/p>\n<div class=\"wpb_text_column wpb_content_element \">\n<div class=\"wpb_wrapper\">\n<h3>Aliumin\u0117 stumdoma sistema<\/h3>\n<p>Tai populiariausia Lietuvoje dur\u0173 sistema. Pirmiausiai tod\u0117l, kad aliuminis yra lengva ir patvari med\u017eiaga. Sistema neapsiriboja varstomais langais, jie gali b\u016bti ir stumdomi arba kombinuojami ir vienas, ir kitas atidarymo b\u016bdai. Tai ypa\u010d aktualu, jeigu balkonas yra ma\u017eas ir norisi tur\u0117ti kuo daugiau erdv\u0117s. \u0160ios sistemos populiarum\u0105 nul\u0117m\u0117 ir tai, kad aliumini\u0173 konstrukcij\u0173 fasadas, apsaugos ir v\u0117dinimo sistemos moderniuose pastatuose naudojamos kartu su dekoratyvin\u0117mis apdailos med\u017eiagomis. Tod\u0117l aliuminei sistemai keliami itin auk\u0161ti estetikos reikalavimai. Paradoksalu, kad visi \u0161ie privalumai neturi \u017eenklios \u012ftakos patraukliai konstrukcijos kainai.<\/p>\n<\/div>\n<\/div>\n<p>[\/vc_column_text][vc_empty_space][\/vc_column][\/vc_row][vc_row css_animation=&#8221;&#8221; row_type=&#8221;row&#8221; use_row_as_full_screen_section=&#8221;no&#8221; type=&#8221;grid&#8221; angled_section=&#8221;no&#8221; text_align=&#8221;left&#8221; background_image_as_pattern=&#8221;without_pattern&#8221; z_index=&#8221;&#8221;][vc_column][vc_empty_space]<div class='latest_post_two_holder two_columns'><ul><li class=\"clearfix\"><div class=\"latest_post_two_image\"><a itemprop=\"url\" href=\"https:\/\/mamutai.lt\/milagna\/plastikine-sistema-balkonu-stiklinimui\/\"><img width=\"700\" height=\"525\" src=\"https:\/\/mamutai.lt\/milagna\/wp-content\/uploads\/2018\/03\/plastikas2-700x525.jpg\" class=\"attachment-portfolio_masonry_with_space size-portfolio_masonry_with_space wp-post-image\" alt=\"plastikas\" decoding=\"async\" srcset=\"https:\/\/mamutai.lt\/milagna\/wp-content\/uploads\/2018\/03\/plastikas2-700x525.jpg 700w, https:\/\/mamutai.lt\/milagna\/wp-content\/uploads\/2018\/03\/plastikas2-300x225.jpg 300w, https:\/\/mamutai.lt\/milagna\/wp-content\/uploads\/2018\/03\/plastikas2-768x576.jpg 768w, https:\/\/mamutai.lt\/milagna\/wp-content\/uploads\/2018\/03\/plastikas2.jpg 800w\" sizes=\"(max-width: 700px) 100vw, 700px\" \/><\/a><\/div><div class=\"latest_post_two_inner\" ><div class=\"latest_post_two_text\"><h5 itemprop=\"name\" class=\"latest_post_two_title entry_title\"><a itemprop=\"url\" href=\"https:\/\/mamutai.lt\/milagna\/plastikine-sistema-balkonu-stiklinimui\/\" >Plastikin\u0117 sistema balkon\u0173 stiklinimui<\/a><\/h5><div class=\"separator small left \" ><\/div><\/div><div class=\"latest_post_two_info\" ><div class=\"latest_post_two_info_inner\" ><div class=\"post_info_author\"><img alt='Author Image' src='https:\/\/secure.gravatar.com\/avatar\/a345ca8ff3959e7611c1d3b71caa4e9f?s=30&#038;d=mm&#038;r=g' srcset='https:\/\/secure.gravatar.com\/avatar\/a345ca8ff3959e7611c1d3b71caa4e9f?s=60&#038;d=mm&#038;r=g 2x' class='avatar avatar-30 photo' height='30' width='30' loading='lazy' decoding='async'\/><span class=\"post_info_author_name\">milanga-admin<\/span><\/div><div itemprop=\"dateCreated\" class=\"post_info_date entry_date updated\">20 kovo, 2018<meta itemprop=\"interactionCount\" content=\"UserComments: <?php echo get_comments_number(qode_get_page_id()); ?>\"\/><\/div><\/div><\/div><\/div><\/li><li class=\"clearfix\"><div class=\"latest_post_two_image\"><a itemprop=\"url\" href=\"https:\/\/mamutai.lt\/milagna\/aliuminio-sistema-balkonams\/\"><img width=\"480\" height=\"464\" src=\"https:\/\/mamutai.lt\/milagna\/wp-content\/uploads\/2018\/03\/20090805152130_Balkonu-stiklinimas.jpg\" class=\"attachment-portfolio_masonry_with_space size-portfolio_masonry_with_space wp-post-image\" alt=\"aliuminio\" decoding=\"async\" srcset=\"https:\/\/mamutai.lt\/milagna\/wp-content\/uploads\/2018\/03\/20090805152130_Balkonu-stiklinimas.jpg 480w, https:\/\/mamutai.lt\/milagna\/wp-content\/uploads\/2018\/03\/20090805152130_Balkonu-stiklinimas-300x290.jpg 300w\" sizes=\"(max-width: 480px) 100vw, 480px\" \/><\/a><\/div><div class=\"latest_post_two_inner\" ><div class=\"latest_post_two_text\"><h5 itemprop=\"name\" class=\"latest_post_two_title entry_title\"><a itemprop=\"url\" href=\"https:\/\/mamutai.lt\/milagna\/aliuminio-sistema-balkonams\/\" >Aliumin\u0117 stumdoma sistema balkonams<\/a><\/h5><div class=\"separator small left \" ><\/div><\/div><div class=\"latest_post_two_info\" ><div class=\"latest_post_two_info_inner\" ><div class=\"post_info_author\"><img alt='Author Image' src='https:\/\/secure.gravatar.com\/avatar\/a345ca8ff3959e7611c1d3b71caa4e9f?s=30&#038;d=mm&#038;r=g' srcset='https:\/\/secure.gravatar.com\/avatar\/a345ca8ff3959e7611c1d3b71caa4e9f?s=60&#038;d=mm&#038;r=g 2x' class='avatar avatar-30 photo' height='30' width='30' loading='lazy' decoding='async'\/><span class=\"post_info_author_name\">milanga-admin<\/span><\/div><div itemprop=\"dateCreated\" class=\"post_info_date entry_date updated\">16 kovo, 2018<meta itemprop=\"interactionCount\" content=\"UserComments: <?php echo get_comments_number(qode_get_page_id()); ?>\"\/><\/div><\/div><\/div><\/div><\/li><\/ul><\/div>[\/vc_column][\/vc_row][vc_row css_animation=&#8221;&#8221; row_type=&#8221;row&#8221; use_row_as_full_screen_section=&#8221;no&#8221; type=&#8221;full_width&#8221; angled_section=&#8221;no&#8221; text_align=&#8221;left&#8221; background_image_as_pattern=&#8221;without_pattern&#8221;][vc_column][vc_empty_space][vc_column_text]<\/p>\n<div id=\"content\" class=\"content\" role=\"main\">\n<div class=\"vc_row wpb_row wf-container\">\n<div class=\"wpb_column vc_column_container vc_col-sm-12\">\n<div class=\"vc_column-inner \">\n<div class=\"wpb_wrapper\">\n<div class=\"wpb_text_column wpb_content_element \">\n<div class=\"wpb_wrapper\">\n<p>Nepaisant to, kuri montavimo konstrukcija bus pasirinkta, balkono stiklinimas gali b\u016bti atliekamas su \u012fvairiais priedais, tokiais kaip papildoma vaik\u0173 apsauga, prie\u0161\u012fsilau\u017eiminiai apkaustai var\u010dioms ar rakinamos rankenos.<\/p>\n<\/div>\n<\/div>\n<div class=\"vc_empty_space\"><\/div>\n<div class=\"wpb_text_column wpb_content_element \">\n<div class=\"wpb_wrapper\">\n<p>M\u016bs\u0173 profesionali komanda atlieka ne tik standartini\u0173, bet ir nestandartini\u0173 form\u0173 balkon\u0173, teras\u0173, vitrin\u0173 montavimo darbus. Stikliname itin didelio ploto erdves. Taip pat balkon\u0173 stiklinimas Vilniuje ir kituose miestuose atliekamas \u012frengiant lauko ir vidaus palanges, atnaujinant balkon\u0173 apatines pertvaras (prireikus jas i\u0161imant ir stiklinant nuo balkono apa\u010dios), atliekant hermetizavimo darbus.<\/p>\n<\/div>\n<\/div>\n<div class=\"vc_empty_space\"><\/div>\n<div class=\"wpb_text_column wpb_content_element \">\n<div class=\"wpb_wrapper\">\n<p>U\u017etikriname, kad m\u016bs\u0173 si\u016blomos sistemos ir j\u0173 priedai atitinka naujausius reikalavimus, technologijas, turi reikiamus sertifikatus.<\/p>\n<h2>Balkon\u0173 stiklinimas Vilniuje &#8211; Vilnius: Transformuokite savo balkon\u0105 \u012f jauki\u0105 erdv\u0119<\/h2>\n<p>Balkon\u0173 stiklinimas Vilnius tai yra paslauga ir vienas i\u0161 miest\u0173, kuriame gra\u017e\u016bs ir funkcional\u016bs stiklinti balkonai yra ypatingai svarb\u016bs. Jei norite padaryti savo balkon\u0105 patogesn\u012f ir esteti\u0161kesn\u012f, m\u016bs\u0173 \u012fmon\u0117 si\u016blo auk\u0161tos kokyb\u0117s balkon\u0173 stiklinimo paslaugas Vilniuje.<\/p>\n<ul>\n<li><strong>Geriausia kokyb\u0117 j\u016bs\u0173 balkonui:<\/strong> M\u016bs\u0173 stiklinimo paslaugos apima naudojim\u0105si auk\u0161tos kokyb\u0117s stiklo ir \u0161iuolaikin\u0117s technologijos. Stiklas yra atsparus oro s\u0105lygoms, ultravioletiniams spinduliams ir triuk\u0161mui, tod\u0117l j\u016bs gal\u0117site m\u0117gautis ramia ir jaukia erdve met\u0173 laikais.<\/li>\n<li><strong>Didesnis komfortas ir patogumas<\/strong>: Balkon\u0173 stiklinimas suteikia jums galimyb\u0119 m\u0117gautis balkonu bet kuriuo met\u0173 laiku. Stiklinimas u\u017etikrina optimali\u0105 \u0161ilumos izoliacij\u0105 ir apsaugo nuo v\u0117jo bei lietaus. J\u016bs gal\u0117site pasid\u017eiaugti savo laisvalaikiu balkone net ir \u017eiemos metu, juntant jaukum\u0105 ir tyl\u0105.<\/li>\n<li><strong>Versatilumas ir dizainas<\/strong>: Mes si\u016blome \u012fvairias stiklo r\u016b\u0161is ir dizaino sprendimus, kad atitiktume j\u016bs\u0173 individualius poreikius. Galite pasirinkti skaidr\u0173 stikl\u0105, matin\u012f stikl\u0105 arba net spalvot\u0105 stikl\u0105, kuris atitiks j\u016bs\u0173 interjero stili\u0173 ir sukurs unikal\u0173 \u012fsp\u016bd\u012f.<\/li>\n<li><strong>Patikimas montavimas<\/strong>: M\u016bs\u0173 profesionali komanda atliks stiklinimo darbus auk\u0161\u010diausiu lygiu. Mes r\u016bpinam\u0117s kiekviena detal\u0117 ir u\u017etikriname tvirt\u0105 ir patikim\u0105 stiklinimo konstrukcij\u0105, kuri tarnaus ilg\u0105 laik\u0105.<\/li>\n<\/ul>\n<p>Paverskite savo balkon\u0105 \u012f jauki\u0105 erdv\u0119 su<strong> m\u016bs\u0173 balkon\u0173 stiklinimo paslaugomis Vilniuje<\/strong>. Susisiekite su mumis \u0161iandien ir leiskite mums pad\u0117ti jums suteikti j\u016bs\u0173 balkonui nauj\u0105 i\u0161vaizd\u0105 ir funkcionalum\u0105.Paverkite savo balkon\u0105 visos met\u0173 apsaugota oaze.<\/p>\n<p><strong> Profesionalus balkon\u0173 stiklinimas Vilnius<\/strong>. Skambinkite \u0161iandien nor\u0117dami su\u017einoti daugiau!<\/p>\n<\/div>\n<\/div>\n<\/div>\n<\/div>\n<\/div>\n<\/div>\n<\/div>\n<p>[\/vc_column_text][vc_empty_space][\/vc_column][\/vc_row]<\/p>\n","protected":false},"excerpt":{"rendered":"<p>[vc_row css_animation=&#8221;&#8221; row_type=&#8221;row&#8221; use_row_as_full_screen_section=&#8221;no&#8221; type=&#8221;grid&#8221; angled_section=&#8221;no&#8221; text_align=&#8221;left&#8221; background_image_as_pattern=&#8221;without_pattern&#8221; css=&#8221;.vc_custom_1521217673251{margin-top: 50px !important;background-color: #ffffff !important;}&#8221; z_index=&#8221;&#8221;][vc_column width=&#8221;1\/4&#8243;][vc_single_image image=&#8221;707&#8243; img_size=&#8221;full&#8221; qode_css_animation=&#8221;&#8221;][\/vc_column][vc_column width=&#8221;3\/4&#8243;][vc_column_text] Renovacija ir brangstantys \u0161ilumos ka\u0161tai vis da\u017eniau priver\u010dia susim\u0105styti apie papildomus energijos taupymo b\u016bdus. Vienas i\u0161 efektyviausi\u0173 \u0161ilumos taupymo b\u016bd\u0173 yra plastikiniai langai, kurie padeda \u017eiem\u0105&#8230;<\/p>\n","protected":false},"author":1,"featured_media":0,"parent":159,"menu_order":0,"comment_status":"closed","ping_status":"closed","template":"","meta":{"footnotes":""},"_links":{"self":[{"href":"https:\/\/mamutai.lt\/milagna\/wp-json\/wp\/v2\/pages\/439"}],"collection":[{"href":"https:\/\/mamutai.lt\/milagna\/wp-json\/wp\/v2\/pages"}],"about":[{"href":"https:\/\/mamutai.lt\/milagna\/wp-json\/wp\/v2\/types\/page"}],"author":[{"embeddable":true,"href":"https:\/\/mamutai.lt\/milagna\/wp-json\/wp\/v2\/users\/1"}],"replies":[{"embeddable":true,"href":"https:\/\/mamutai.lt\/milagna\/wp-json\/wp\/v2\/comments?post=439"}],"version-history":[{"count":17,"href":"https:\/\/mamutai.lt\/milagna\/wp-json\/wp\/v2\/pages\/439\/revisions"}],"predecessor-version":[{"id":1062,"href":"https:\/\/mamutai.lt\/milagna\/wp-json\/wp\/v2\/pages\/439\/revisions\/1062"}],"up":[{"embeddable":true,"href":"https:\/\/mamutai.lt\/milagna\/wp-json\/wp\/v2\/pages\/159"}],"wp:attachment":[{"href":"https:\/\/mamutai.lt\/milagna\/wp-json\/wp\/v2\/media?parent=439"}],"curies":[{"name":"wp","href":"https:\/\/api.w.org\/{rel}","templated":true}]}}