{"id":159,"date":"2018-01-12T09:28:42","date_gmt":"2018-01-12T09:28:42","guid":{"rendered":"http:\/\/bridge129.qodeinteractive.com\/?page_id=159"},"modified":"2020-07-01T20:10:55","modified_gmt":"2020-07-01T17:10:55","slug":"paslaugos","status":"publish","type":"page","link":"https:\/\/mamutai.lt\/milagna\/paslaugos\/","title":{"rendered":"Paslaugos"},"content":{"rendered":"<p>[vc_row css_animation=&#8221;&#8221; row_type=&#8221;row&#8221; use_row_as_full_screen_section=&#8221;no&#8221; type=&#8221;grid&#8221; in_content_menu=&#8221;in_content_menu&#8221; content_menu_icon=&#8221;&#8221; angled_section=&#8221;no&#8221; text_align=&#8221;center&#8221; background_image_as_pattern=&#8221;without_pattern&#8221; padding_top=&#8221;143&#8243; padding_bottom=&#8221;18&#8243; z_index=&#8221;&#8221; css=&#8221;.vc_custom_1521648622136{background-color: #ffffff !important;}&#8221; el_class=&#8221;services&#8221;][vc_column width=&#8221;1\/2&#8243; offset=&#8221;vc_col-md-6&#8243;]<div class='q_icon_with_title medium custom_icon_image center '><div class=\"icon_holder \" style=\" \"><img itemprop=\"image\" style=\"\" src=\"https:\/\/mamutai.lt\/milagna\/wp-content\/uploads\/2018\/03\/icons8-windows-phone-store-96.png\" alt=\"\"><\/div><div class=\"icon_text_holder\" style=\"\"><div class=\"icon_text_inner\" style=\"\"><h3 class=\"icon_title\" style=\"\">Plastikiniai langai<\/h3>[vc_separator type=\"small\" position=\"left\" color=\"#00a184\" thickness=\"2\" width=\"34\" up=\"8\" down=\"5\"]<p style='color: #0f0f28'>Teisingai pasirinkti langus n\u0117ra lengva. Kyla \u012fvairiausi\u0173 klausim\u0173: kaip optimaliai paskirstyti investicijas ir sukurti stilingus, \u0161iltus, \u0161viesius, saugius ir ramius namus; kaip i\u0161sirinkti langus, atitinkan\u010dius individualius l\u016bkes\u010dius ir statybos techninius reikalavimus?<\/p><\/div><\/div><\/div><a  itemprop=\"url\" href=\"plastikiniai-langai\/ \" target=\"_self\"  class=\"qbutton  default\" style=\"\">Daugiau<\/a>[\/vc_column][vc_column width=&#8221;1\/2&#8243;]<div class='q_icon_with_title medium custom_icon_image center '><div class=\"icon_holder \" style=\" \"><img itemprop=\"image\" style=\"\" src=\"https:\/\/mamutai.lt\/milagna\/wp-content\/uploads\/2018\/03\/icons8-balcony-96.png\" alt=\"\"><\/div><div class=\"icon_text_holder\" style=\"\"><div class=\"icon_text_inner\" style=\"\"><h3 class=\"icon_title\" style=\"\">Balkon\u0173 stiklinimas<\/h3>[vc_separator type=\"small\" position=\"left\" color=\"\" thickness=\"2\" width=\"34\" up=\"8\" down=\"5\"]<p style='color: #0f0f28'>Patikimas balkon\u0173 stiklinimas ne tik u\u017etikrina nepriekai\u0161ting\u0105 \u0161ilumos izoliacij\u0105, bet ir izoliuoja triuk\u0161m\u0105, sklindant\u012f i\u0161 gatv\u0117s, apsaugo nuo dulki\u0173, lietaus ar kit\u0173 ne\u0161varum\u0173 patekimo \u012f nam\u0173 erdv\u0119. Taip pat sukuria estetikos \u012fsp\u016bd\u012f, o atsiradusi papildoma erdv\u0117 gali b\u016bti naudojama pagal kiekvieno poreikius.<\/p><\/div><\/div><\/div><a  itemprop=\"url\" href=\"balkonu-stiklinimas\/\" target=\"_self\"  class=\"qbutton  default\" style=\"\">Daugiau<\/a>[\/vc_column][vc_column][vc_empty_space][\/vc_column][\/vc_row][vc_row css_animation=&#8221;&#8221; row_type=&#8221;row&#8221; use_row_as_full_screen_section=&#8221;no&#8221; type=&#8221;grid&#8221; angled_section=&#8221;no&#8221; text_align=&#8221;center&#8221; background_image_as_pattern=&#8221;without_pattern&#8221; z_index=&#8221;&#8221; el_class=&#8221;services&#8221;][vc_column width=&#8221;1\/2&#8243;]<div class='q_icon_with_title medium custom_icon_image center '><div class=\"icon_holder \" style=\" \"><img itemprop=\"image\" style=\"\" src=\"https:\/\/mamutai.lt\/milagna\/wp-content\/uploads\/2018\/03\/icons8-door-opened-96.png\" alt=\"\"><\/div><div class=\"icon_text_holder\" style=\"\"><div class=\"icon_text_inner\" style=\"\"><h3 class=\"icon_title\" style=\"\">\u0160arvuotos durys<\/h3>[vc_separator type=\"small\" position=\"left\" color=\"#00a184\" thickness=\"2\" width=\"34\" up=\"8\" down=\"5\"]<p style='color: #0f0f28'>Norint apsaugoti namus nuo \u0161al\u010dio ir nekviest\u0173 sve\u010di\u0173 b\u016btina pasirinkti kokybi\u0161kas lauko, laiptin\u0117s ir buto duris. Dirbame tik su laiko patikrintais gamintojais. Tod\u0117l si\u016blome kokybi\u0161kas \u0161arvuotas EKO duris, lauko, buto ir laiptin\u0117s duris bei j\u0173 priedus.<\/p><\/div><\/div><\/div><a  itemprop=\"url\" href=\"sarvuotos-durys\/\" target=\"_self\"  class=\"qbutton  center default\" style=\"\">Daugiau<\/a>[\/vc_column][vc_column width=&#8221;1\/2&#8243;]<div class='q_icon_with_title medium custom_icon_image center '><div class=\"icon_holder \" style=\" \"><img itemprop=\"image\" style=\"\" src=\"https:\/\/mamutai.lt\/milagna\/wp-content\/uploads\/2018\/03\/icons8-brick-wall-100.png\" alt=\"\"><\/div><div class=\"icon_text_holder\" style=\"\"><div class=\"icon_text_inner\" style=\"\"><h3 class=\"icon_title\" style=\"\">Apdailos darbai<\/h3>[vc_separator type=\"small\" position=\"left\" color=\"#00a184\" thickness=\"2\" width=\"34\" up=\"8\" down=\"5\"]<p style='color: #0f0f28'>Atliekame apdailos ir smulkius remonto darbus, suteikiame garantijas. Fasado \u0161iltinimo darbai su skal\u016bno arba med\u017eio apdaila.<\/p><\/div><\/div><\/div><a  itemprop=\"url\" href=\"apdailos-darbai\/\" target=\"_self\"  class=\"qbutton  center default\" style=\"\">Daugiau<\/a>[\/vc_column][\/vc_row][vc_row css_animation=&#8221;&#8221; row_type=&#8221;row&#8221; use_row_as_full_screen_section=&#8221;no&#8221; type=&#8221;full_width&#8221; angled_section=&#8221;no&#8221; text_align=&#8221;left&#8221; background_image_as_pattern=&#8221;without_pattern&#8221;][vc_column][vc_empty_space][\/vc_column][\/vc_row]<\/p>\n","protected":false},"excerpt":{"rendered":"<p>[vc_row css_animation=&#8221;&#8221; row_type=&#8221;row&#8221; use_row_as_full_screen_section=&#8221;no&#8221; type=&#8221;grid&#8221; in_content_menu=&#8221;in_content_menu&#8221; content_menu_icon=&#8221;&#8221; angled_section=&#8221;no&#8221; text_align=&#8221;center&#8221; background_image_as_pattern=&#8221;without_pattern&#8221; padding_top=&#8221;143&#8243; padding_bottom=&#8221;18&#8243; z_index=&#8221;&#8221; css=&#8221;.vc_custom_1521648622136{background-color: #ffffff !important;}&#8221; el_class=&#8221;services&#8221;][vc_column width=&#8221;1\/2&#8243; offset=&#8221;vc_col-md-6&#8243;][\/vc_column][vc_column width=&#8221;1\/2&#8243;][\/vc_column][vc_column][vc_empty_space][\/vc_column][\/vc_row][vc_row css_animation=&#8221;&#8221; row_type=&#8221;row&#8221; use_row_as_full_screen_section=&#8221;no&#8221; type=&#8221;grid&#8221; angled_section=&#8221;no&#8221; text_align=&#8221;center&#8221; background_image_as_pattern=&#8221;without_pattern&#8221; z_index=&#8221;&#8221; el_class=&#8221;services&#8221;][vc_column width=&#8221;1\/2&#8243;][\/vc_column][vc_column width=&#8221;1\/2&#8243;][\/vc_column][\/vc_row][vc_row css_animation=&#8221;&#8221; row_type=&#8221;row&#8221; use_row_as_full_screen_section=&#8221;no&#8221; type=&#8221;full_width&#8221; angled_section=&#8221;no&#8221; text_align=&#8221;left&#8221; background_image_as_pattern=&#8221;without_pattern&#8221;][vc_column][vc_empty_space][\/vc_column][\/vc_row]<\/p>\n","protected":false},"author":1,"featured_media":0,"parent":0,"menu_order":0,"comment_status":"closed","ping_status":"closed","template":"full_width.php","meta":{"footnotes":""},"_links":{"self":[{"href":"https:\/\/mamutai.lt\/milagna\/wp-json\/wp\/v2\/pages\/159"}],"collection":[{"href":"https:\/\/mamutai.lt\/milagna\/wp-json\/wp\/v2\/pages"}],"about":[{"href":"https:\/\/mamutai.lt\/milagna\/wp-json\/wp\/v2\/types\/page"}],"author":[{"embeddable":true,"href":"https:\/\/mamutai.lt\/milagna\/wp-json\/wp\/v2\/users\/1"}],"replies":[{"embeddable":true,"href":"https:\/\/mamutai.lt\/milagna\/wp-json\/wp\/v2\/comments?post=159"}],"version-history":[{"count":24,"href":"https:\/\/mamutai.lt\/milagna\/wp-json\/wp\/v2\/pages\/159\/revisions"}],"predecessor-version":[{"id":977,"href":"https:\/\/mamutai.lt\/milagna\/wp-json\/wp\/v2\/pages\/159\/revisions\/977"}],"wp:attachment":[{"href":"https:\/\/mamutai.lt\/milagna\/wp-json\/wp\/v2\/media?parent=159"}],"curies":[{"name":"wp","href":"https:\/\/api.w.org\/{rel}","templated":true}]}}